{"id":1166,"date":"2021-09-01T12:48:11","date_gmt":"2021-09-01T12:48:11","guid":{"rendered":"https:\/\/museoanton.es\/?page_id=1166"},"modified":"2022-01-13T10:49:54","modified_gmt":"2022-01-13T10:49:54","slug":"qr_int_10","status":"publish","type":"page","link":"https:\/\/museoanton.es\/as\/qr_int_10\/","title":{"rendered":"10.- OTRES FORMES D\u2019ESPRESI\u00d3N PL\u00c1STICA"},"content":{"rendered":"<div  class=\"one withsmallpadding ppb_text\" style=\"padding:30px;\" >\n<h5 id=\"bajar\"><\/h5>\n<\/div>\n<div  class=\"one withsmallpadding ppb_text\" style=\"padding:30px 0 30px 0;\" >\n<div class=\"standard_wrapper\">\n<div class=\"page_content_wrapper\">\n<div class=\"inner\">\n<div style=\"margin:auto;width:100%\">\n<h2 style=\"color: #999999; text-align: center;\"><span style=\"color: #ffffff;\"><img decoding=\"async\" loading=\"lazy\" class=\"alignnone wp-image-812\" src=\"https:\/\/museoanton.es\/wp-content\/uploads\/2021\/09\/10.svg\" alt=\"\" width=\"50\" height=\"50\" \/><br \/>\n<\/span><span style=\"color: #808080;\"><strong>OTRES FORMES D\u2019ESPRESI\u00d3N PL\u00c1STICA<\/strong><\/span><\/h2>\n<\/div>\n<\/div>\n<\/div>\n<\/div>\n<\/div>\n<div  class=\"one withsmallpadding ppb_text\" style=\"padding:30px 0 30px 0;\" >\n<div class=\"standard_wrapper\">\n<div class=\"page_content_wrapper\">\n<div class=\"inner\">\n<div style=\"margin:auto;width:100%\"><audio class=\"wp-audio-shortcode\" id=\"audio-1166-2\" preload=\"none\" style=\"width: 100%;\" controls=\"controls\"><source type=\"audio\/mpeg\" src=\"https:\/\/museoanton.es\/as\/wp-content\/uploads\/sites\/12\/2022\/01\/int_10as.mp3?_=2\" \/><a href=\"https:\/\/museoanton.es\/as\/wp-content\/uploads\/sites\/12\/2022\/01\/int_10as.mp3\">https:\/\/museoanton.es\/as\/wp-content\/uploads\/sites\/12\/2022\/01\/int_10as.mp3<\/a><\/audio>\n<\/div>\n<\/div>\n<\/div>\n<\/div>\n<\/div>\n<div  class=\"one withsmallpadding ppb_text\" style=\"padding:30px 0 30px 0;\" >\n<div class=\"standard_wrapper\">\n<div class=\"page_content_wrapper\">\n<div class=\"inner\">\n<div style=\"margin:auto;width:100%\">\n<p style=\"text-align: justify;\"><i class=\"fa fa-deaf fa-2x\" aria-hidden=\"true\"><\/i> Ant\u00f3n foi un artista polifac\u00e9ticu, que cultiv\u00f3 distintes maneres d\u2019espresi\u00f3n art\u00edstica ente les qu\u2019apaecen pintures, dibuxos y muebles, anque la so producci\u00f3n foi menor en comparanza cola de les escultures.<\/p>\n<\/div>\n<\/div>\n<\/div>\n<\/div>\n<\/div>\n<div  class=\"one withsmallpadding ppb_text\" style=\"padding:30px 0 30px 0;\" >\n<div class=\"standard_wrapper\">\n<div class=\"page_content_wrapper\">\n<div class=\"inner\">\n<div style=\"margin:auto;width:100%\">\n<p style=\"text-align: justify;\"><i class=\"fa fa-deaf fa-2x\" aria-hidden=\"true\"><\/i> Ant\u00f3n foi un artista polifac\u00e9ticu, que cultiv\u00f3 distintes maneres d\u2019espresi\u00f3n art\u00edstica ente les qu\u2019apaecen pintures, dibuxos y muebles, anque la so producci\u00f3n foi menor en comparanza cola de les escultures.<\/p>\n<\/div>\n<\/div>\n<\/div>\n<\/div>\n<\/div>\n<div  class=\"one withsmallpadding ppb_text\" style=\"padding:30px 0 30px 0;\" >\n<div class=\"standard_wrapper\">\n<div class=\"page_content_wrapper\">\n<div class=\"inner\">\n<div style=\"margin:auto;width:100%\">\n<p style=\"text-align: justify;\"><i class=\"fa fa-deaf fa-2x\" aria-hidden=\"true\"><\/i> Ant\u00f3n foi un artista polifac\u00e9ticu, que cultiv\u00f3 distintes maneres d\u2019espresi\u00f3n art\u00edstica ente les qu\u2019apaecen pintures, dibuxos y muebles, anque la so producci\u00f3n foi menor en comparanza cola de les escultures.<\/p>\n<\/div>\n<\/div>\n<\/div>\n<\/div>\n<\/div>\n<div class=\"standard_wrapper\">\n<div  class=\"two_third last withsmallpadding ppb_text\" style=\"padding:30px 0 30px 0;\" >\n<div class=\"standard_wrapper\">\n<div class=\"page_content_wrapper\">\n<div class=\"inner\">\n<div style=\"margin:auto;width:100%\">\n<h4 style=\"text-align: justify;\"><strong>La Promesa.<\/strong><\/h4>\n<p>Oleu sobro llenzu, fechu nel 1928.<\/p>\n<p>El cuadru representa la devoci\u00f3n al Cristu de Cand\u00e1s, una costume bien tradicional d\u2019esti llugar. Ant\u00f3n inspir\u00f3se nun cuadru del mesmu t\u00edtulu del pintor Ventura \u00c1lvarez Sala. No fondero del cuadru, l\u2019artista representa\u2019l cabu de San Antonio, onde ta allug\u00e1u\u2019l faru y la ermita del mesmu nome. Unu de los paisaxes prefer\u00edos por Ant\u00f3n, que volver\u00eda representar n\u2019otres obres a lo llargo de los a\u00f1os.<\/p>\n<\/div>\n<\/div>\n<\/div>\n<\/div>\n<\/div>\n<\/div>\n<div class=\"standard_wrapper\">\n<div  class=\"two_third last withsmallpadding ppb_text\" style=\"padding:30px 0 30px 0;\" >\n<div class=\"standard_wrapper\">\n<div class=\"page_content_wrapper\">\n<div class=\"inner\">\n<div style=\"margin:auto;width:100%\">\n<h4 style=\"text-align: justify;\"><strong>La Promesa.<\/strong><\/h4>\n<p>Oleu sobro llenzu, fechu nel 1928.<\/p>\n<p>El cuadru representa la devoci\u00f3n al Cristu de Cand\u00e1s, una costume bien tradicional d\u2019esti llugar. Ant\u00f3n inspir\u00f3se nun cuadru del mesmu t\u00edtulu del pintor Ventura \u00c1lvarez Sala. No fondero del cuadru, l\u2019artista representa\u2019l cabu de San Antonio, onde ta allug\u00e1u\u2019l faru y la ermita del mesmu nome. Unu de los paisaxes prefer\u00edos por Ant\u00f3n, que volver\u00eda representar n\u2019otres obres a lo llargo de los a\u00f1os.<\/p>\n<\/div>\n<\/div>\n<\/div>\n<\/div>\n<\/div>\n<\/div>\n<div class=\"standard_wrapper\">\n<div  class=\"two_third last withsmallpadding ppb_text\" style=\"padding:30px 0 30px 0;\" >\n<div class=\"standard_wrapper\">\n<div class=\"page_content_wrapper\">\n<div class=\"inner\">\n<div style=\"margin:auto;width:100%\">\n<h4 style=\"text-align: justify;\"><strong>La Promesa.<\/strong><\/h4>\n<p>Oleu sobro llenzu, fechu nel 1928.<\/p>\n<p>El cuadru representa la devoci\u00f3n al Cristu de Cand\u00e1s, una costume bien tradicional d\u2019esti llugar. Ant\u00f3n inspir\u00f3se nun cuadru del mesmu t\u00edtulu del pintor Ventura \u00c1lvarez Sala. No fondero del cuadru, l\u2019artista representa\u2019l cabu de San Antonio, onde ta allug\u00e1u\u2019l faru y la ermita del mesmu nome. Unu de los paisaxes prefer\u00edos por Ant\u00f3n, que volver\u00eda representar n\u2019otres obres a lo llargo de los a\u00f1os.<\/p>\n<\/div>\n<\/div>\n<\/div>\n<\/div>\n<\/div>\n<\/div>\n<div class=\"standard_wrapper\">\n<div  class=\"two_third last withsmallpadding ppb_text\" style=\"padding:30px 0 30px 0;\" >\n<div class=\"standard_wrapper\">\n<div class=\"page_content_wrapper\">\n<div class=\"inner\">\n<div style=\"margin:auto;width:100%\">\n<h4 style=\"text-align: justify;\"><strong>Ruta pintoresa.<\/strong><\/h4>\n<p style=\"text-align: justify;\">Esti paisaxe ye una ruta conocida como La Formiga, allugada nel monte Fuxa qu\u2019hai frente al pas\u00e9u mar\u00edtimu de Cand\u00e1s. La obra ta fecha al oleu sobre lat\u00f3n, reutilizando una tapa de bote de conserves.<\/p>\n<\/div>\n<\/div>\n<\/div>\n<\/div>\n<\/div>\n<\/div>\n<div class=\"standard_wrapper\">\n<div  class=\"two_third last withsmallpadding ppb_text\" style=\"padding:30px 0 30px 0;\" >\n<div class=\"standard_wrapper\">\n<div class=\"page_content_wrapper\">\n<div class=\"inner\">\n<div style=\"margin:auto;width:100%\">\n<h4 style=\"text-align: justify;\"><strong>Ruta pintoresa.<\/strong><\/h4>\n<p style=\"text-align: justify;\">Esti paisaxe ye una ruta conocida como La Formiga, allugada nel monte Fuxa qu\u2019hai frente al pas\u00e9u mar\u00edtimu de Cand\u00e1s. La obra ta fecha al oleu sobre lat\u00f3n, reutilizando una tapa de bote de conserves.<\/p>\n<\/div>\n<\/div>\n<\/div>\n<\/div>\n<\/div>\n<\/div>\n<div class=\"standard_wrapper\">\n<div  class=\"two_third last withsmallpadding ppb_text\" style=\"padding:30px 0 30px 0;\" >\n<div class=\"standard_wrapper\">\n<div class=\"page_content_wrapper\">\n<div class=\"inner\">\n<div style=\"margin:auto;width:100%\">\n<h4 style=\"text-align: justify;\"><strong>Ruta pintoresa.<\/strong><\/h4>\n<p style=\"text-align: justify;\">Esti paisaxe ye una ruta conocida como La Formiga, allugada nel monte Fuxa qu\u2019hai frente al pas\u00e9u mar\u00edtimu de Cand\u00e1s. La obra ta fecha al oleu sobre lat\u00f3n, reutilizando una tapa de bote de conserves.<\/p>\n<\/div>\n<\/div>\n<\/div>\n<\/div>\n<\/div>\n<\/div>\n<div class=\"standard_wrapper\">\n<div  class=\"two_third last withsmallpadding ppb_text\" style=\"padding:30px 0 30px 0;\" >\n<div class=\"standard_wrapper\">\n<div class=\"page_content_wrapper\">\n<div class=\"inner\">\n<div style=\"margin:auto;width:100%\">\n<h4 style=\"text-align: justify;\">Muebles<\/h4>\n<p style=\"text-align: justify;\">Ant\u00f3n fixo tami\u00e9n distintos tipos de muebles pa usu familiar. La estructura y los motivos decorativos son d\u2019estilu tradicional y de marc\u00e1u calter popular.<\/p>\n<p style=\"text-align: justify;\">Los muebles fix\u00e9ronse con maderes d\u2019escasa calid\u00e1. Us\u00f3 mayoritariamente la madera de pinu, y en delles pieces tuvo que recurrir al usu de tableros que ven\u00eden de les caxes d\u2019embalaxe de los productos conserveros.<\/p>\n<p style=\"text-align: justify;\">Una vegada m\u00e1s tamos \u00e9nte\u2019l remangu y ma\u00f1a d&#8217;Ant\u00f3n pa resolver la falta de medios y facer la so obra con resultancies escepcionales.<\/p>\n<\/div>\n<\/div>\n<\/div>\n<\/div>\n<\/div>\n<\/div>\n","protected":false},"excerpt":{"rendered":"<p>OTRES FORMES D\u2019ESPRESI\u00d3N PL\u00c1STICA https:\/\/museoanton.es\/as\/wp-content\/uploads\/sites\/12\/2022\/01\/int_10as.mp3 Ant\u00f3n foi un artista polifac\u00e9ticu, que cultiv\u00f3 distintes maneres d\u2019espresi\u00f3n art\u00edstica ente les qu\u2019apaecen pintures, dibuxos y muebles, anque la so producci\u00f3n foi menor en comparanza cola de les escultures. Ant\u00f3n foi un artista polifac\u00e9ticu, [&hellip;]<\/p>\n","protected":false},"author":1,"featured_media":0,"parent":0,"menu_order":0,"comment_status":"closed","ping_status":"closed","template":"","meta":{"inline_featured_image":false,"_trash_the_other_posts":false,"editor_notices":[],"footnotes":""},"class_list":["post-1166","page","type-page","status-publish","hentry"],"_links":{"self":[{"href":"https:\/\/museoanton.es\/as\/wp-json\/wp\/v2\/pages\/1166","targetHints":{"allow":["GET"]}}],"collection":[{"href":"https:\/\/museoanton.es\/as\/wp-json\/wp\/v2\/pages"}],"about":[{"href":"https:\/\/museoanton.es\/as\/wp-json\/wp\/v2\/types\/page"}],"author":[{"embeddable":true,"href":"https:\/\/museoanton.es\/as\/wp-json\/wp\/v2\/users\/1"}],"replies":[{"embeddable":true,"href":"https:\/\/museoanton.es\/as\/wp-json\/wp\/v2\/comments?post=1166"}],"version-history":[{"count":56,"href":"https:\/\/museoanton.es\/as\/wp-json\/wp\/v2\/pages\/1166\/revisions"}],"predecessor-version":[{"id":2623,"href":"https:\/\/museoanton.es\/as\/wp-json\/wp\/v2\/pages\/1166\/revisions\/2623"}],"wp:attachment":[{"href":"https:\/\/museoanton.es\/as\/wp-json\/wp\/v2\/media?parent=1166"}],"curies":[{"name":"wp","href":"https:\/\/api.w.org\/{rel}","templated":true}]}}

10.- OTRES FORMES D’ESPRESIÓN PLÁSTICA

<div  class="one withsmallpadding ppb_text" style="padding:30px;" >
<h5 id="bajar"></h5>
</div>
<div  class="one withsmallpadding ppb_text" style="padding:30px 0 30px 0;" >
<div class="standard_wrapper">
<div class="page_content_wrapper">
<div class="inner">
<div style="margin:auto;width:100%">
<h2 style="color: #999999; text-align: center;"><span style="color: #ffffff;"><img decoding="async" loading="lazy" class="alignnone wp-image-812" src="https://museoanton.es/wp-content/uploads/2021/09/10.svg" alt="" width="50" height="50" /><br />
</span><span style="color: #808080;"><strong>OTRES FORMES D’ESPRESIÓN PLÁSTICA</strong></span></h2>
</div>
</div>
</div>
</div>
</div>
<div  class="one withsmallpadding ppb_text" style="padding:30px 0 30px 0;" >
<div class="standard_wrapper">
<div class="page_content_wrapper">
<div class="inner">
<div style="margin:auto;width:100%"><audio class="wp-audio-shortcode" id="audio-1166-2" preload="none" style="width: 100%;" controls="controls"><source type="audio/mpeg" src="https://museoanton.es/as/wp-content/uploads/sites/12/2022/01/int_10as.mp3?_=2" /><a href="https://museoanton.es/as/wp-content/uploads/sites/12/2022/01/int_10as.mp3">https://museoanton.es/as/wp-content/uploads/sites/12/2022/01/int_10as.mp3</a></audio>
</div>
</div>
</div>
</div>
</div>
<div  class="one withsmallpadding ppb_text" style="padding:30px 0 30px 0;" >
<div class="standard_wrapper">
<div class="page_content_wrapper">
<div class="inner">
<div style="margin:auto;width:100%">
<p style="text-align: justify;"><i class="fa fa-deaf fa-2x" aria-hidden="true"></i> Antón foi un artista polifacéticu, que cultivó distintes maneres d’espresión artística ente les qu’apaecen pintures, dibuxos y muebles, anque la so producción foi menor en comparanza cola de les escultures.</p>
</div>
</div>
</div>
</div>
</div>
<div  class="one withsmallpadding ppb_text" style="padding:30px 0 30px 0;" >
<div class="standard_wrapper">
<div class="page_content_wrapper">
<div class="inner">
<div style="margin:auto;width:100%">
<p style="text-align: justify;"><i class="fa fa-deaf fa-2x" aria-hidden="true"></i> Antón foi un artista polifacéticu, que cultivó distintes maneres d’espresión artística ente les qu’apaecen pintures, dibuxos y muebles, anque la so producción foi menor en comparanza cola de les escultures.</p>
</div>
</div>
</div>
</div>
</div>
<div  class="one withsmallpadding ppb_text" style="padding:30px 0 30px 0;" >
<div class="standard_wrapper">
<div class="page_content_wrapper">
<div class="inner">
<div style="margin:auto;width:100%">
<p style="text-align: justify;"><i class="fa fa-deaf fa-2x" aria-hidden="true"></i> Antón foi un artista polifacéticu, que cultivó distintes maneres d’espresión artística ente les qu’apaecen pintures, dibuxos y muebles, anque la so producción foi menor en comparanza cola de les escultures.</p>
</div>
</div>
</div>
</div>
</div>
<div class="standard_wrapper">
<div  class="two_third last withsmallpadding ppb_text" style="padding:30px 0 30px 0;" >
<div class="standard_wrapper">
<div class="page_content_wrapper">
<div class="inner">
<div style="margin:auto;width:100%">
<h4 style="text-align: justify;"><strong>La Promesa.</strong></h4>
<p>Oleu sobro llenzu, fechu nel 1928.</p>
<p>El cuadru representa la devoción al Cristu de Candás, una costume bien tradicional d’esti llugar. Antón inspiróse nun cuadru del mesmu títulu del pintor Ventura Álvarez Sala. No fondero del cuadru, l’artista representa’l cabu de San Antonio, onde ta allugáu’l faru y la ermita del mesmu nome. Unu de los paisaxes preferíos por Antón, que volvería representar n’otres obres a lo llargo de los años.</p>
</div>
</div>
</div>
</div>
</div>
</div>
<div class="standard_wrapper">
<div  class="two_third last withsmallpadding ppb_text" style="padding:30px 0 30px 0;" >
<div class="standard_wrapper">
<div class="page_content_wrapper">
<div class="inner">
<div style="margin:auto;width:100%">
<h4 style="text-align: justify;"><strong>La Promesa.</strong></h4>
<p>Oleu sobro llenzu, fechu nel 1928.</p>
<p>El cuadru representa la devoción al Cristu de Candás, una costume bien tradicional d’esti llugar. Antón inspiróse nun cuadru del mesmu títulu del pintor Ventura Álvarez Sala. No fondero del cuadru, l’artista representa’l cabu de San Antonio, onde ta allugáu’l faru y la ermita del mesmu nome. Unu de los paisaxes preferíos por Antón, que volvería representar n’otres obres a lo llargo de los años.</p>
</div>
</div>
</div>
</div>
</div>
</div>
<div class="standard_wrapper">
<div  class="two_third last withsmallpadding ppb_text" style="padding:30px 0 30px 0;" >
<div class="standard_wrapper">
<div class="page_content_wrapper">
<div class="inner">
<div style="margin:auto;width:100%">
<h4 style="text-align: justify;"><strong>La Promesa.</strong></h4>
<p>Oleu sobro llenzu, fechu nel 1928.</p>
<p>El cuadru representa la devoción al Cristu de Candás, una costume bien tradicional d’esti llugar. Antón inspiróse nun cuadru del mesmu títulu del pintor Ventura Álvarez Sala. No fondero del cuadru, l’artista representa’l cabu de San Antonio, onde ta allugáu’l faru y la ermita del mesmu nome. Unu de los paisaxes preferíos por Antón, que volvería representar n’otres obres a lo llargo de los años.</p>
</div>
</div>
</div>
</div>
</div>
</div>
<div class="standard_wrapper">
<div  class="two_third last withsmallpadding ppb_text" style="padding:30px 0 30px 0;" >
<div class="standard_wrapper">
<div class="page_content_wrapper">
<div class="inner">
<div style="margin:auto;width:100%">
<h4 style="text-align: justify;"><strong>Ruta pintoresa.</strong></h4>
<p style="text-align: justify;">Esti paisaxe ye una ruta conocida como La Formiga, allugada nel monte Fuxa qu’hai frente al paséu marítimu de Candás. La obra ta fecha al oleu sobre latón, reutilizando una tapa de bote de conserves.</p>
</div>
</div>
</div>
</div>
</div>
</div>
<div class="standard_wrapper">
<div  class="two_third last withsmallpadding ppb_text" style="padding:30px 0 30px 0;" >
<div class="standard_wrapper">
<div class="page_content_wrapper">
<div class="inner">
<div style="margin:auto;width:100%">
<h4 style="text-align: justify;"><strong>Ruta pintoresa.</strong></h4>
<p style="text-align: justify;">Esti paisaxe ye una ruta conocida como La Formiga, allugada nel monte Fuxa qu’hai frente al paséu marítimu de Candás. La obra ta fecha al oleu sobre latón, reutilizando una tapa de bote de conserves.</p>
</div>
</div>
</div>
</div>
</div>
</div>
<div class="standard_wrapper">
<div  class="two_third last withsmallpadding ppb_text" style="padding:30px 0 30px 0;" >
<div class="standard_wrapper">
<div class="page_content_wrapper">
<div class="inner">
<div style="margin:auto;width:100%">
<h4 style="text-align: justify;"><strong>Ruta pintoresa.</strong></h4>
<p style="text-align: justify;">Esti paisaxe ye una ruta conocida como La Formiga, allugada nel monte Fuxa qu’hai frente al paséu marítimu de Candás. La obra ta fecha al oleu sobre latón, reutilizando una tapa de bote de conserves.</p>
</div>
</div>
</div>
</div>
</div>
</div>
<div class="standard_wrapper">
<div  class="two_third last withsmallpadding ppb_text" style="padding:30px 0 30px 0;" >
<div class="standard_wrapper">
<div class="page_content_wrapper">
<div class="inner">
<div style="margin:auto;width:100%">
<h4 style="text-align: justify;">Muebles</h4>
<p style="text-align: justify;">Antón fixo tamién distintos tipos de muebles pa usu familiar. La estructura y los motivos decorativos son d’estilu tradicional y de marcáu calter popular.</p>
<p style="text-align: justify;">Los muebles fixéronse con maderes d’escasa calidá. Usó mayoritariamente la madera de pinu, y en delles pieces tuvo que recurrir al usu de tableros que veníen de les caxes d’embalaxe de los productos conserveros.</p>
<p style="text-align: justify;">Una vegada más tamos énte’l remangu y maña d&#8217;Antón pa resolver la falta de medios y facer la so obra con resultancies escepcionales.</p>
</div>
</div>
</div>
</div>
</div>
</div>

<p>OTRES FORMES D’ESPRESIÓN PLÁSTICA https://museoanton.es/as/wp-content/uploads/sites/12/2022/01/int_10as.mp3 Antón foi un artista polifacéticu, que cultivó distintes maneres d’espresión artística ente les qu’apaecen pintures, dibuxos y muebles, anque la so producción foi menor en comparanza cola de les escultures. Antón foi un artista polifacéticu, [&hellip;]</p>
